 - 197 = -i + h, -5*h + 185 = 5*i. Calculate the remainder when 230 is divided by i.
35
What is the remainder when 47 is divided by (-300)/(-14) + (-99)/231?
5
Let f = -11 + 44. Calculate the remainder when 66 is divided by (-1 + -17)*f/(-33).
12
Let g(d) = d**2 - d - 7. Let m be g(6). Let n = m - 11. What is the remainder when 46 is divided by n?
10
Suppose -320 = 5*p + 5*a - a, 0 = a + 5. Let f = p - -129. Calculate the remainder when f is divided by 14.
13
Suppose 4*m - 63 = -3*h, 5*h - m = 2*m + 76. Let l = 66 - 1. Calculate the remainder when l is divided by h.
14
Let q = -31 + 71. Suppose -16 = 39*w - q*w. Calculate the remainder when 77 is divided by w.
13
Suppose -n - 2*x + 25 = 0, n - 65*x = -70*x + 37. What is the remainder when 31 is divided by n?
14
Let i(c) = 23*c + 119. What is the remainder when i(0) is divided by 34?
17
Suppose 3*p = 3 + 3, 0 = -2*b + 2*p + 26. Let i = -142 + 243. What is the remainder when i is divided by b?
11
Let v(i) = -i**3 - 10*i**2 - 12*i - 13. Let q be (314/4)/((-1)/(-2)). Suppose 0 = x - 2, 3*c = -0*c + 4*x + q. What is the remainder when c is divided by v(-9)?
13
Let g = -4 + 15. Let x be 4 - 4 - 4*3. Calculate the remainder when g is divided by 5/2*x/(-10).
2
Suppose 4*o - 656 = -4*o. What is the remainder when o is divided by 21?
19
Let w(x) be the second derivative of -2/3*x**3 + 5*x + 0 - 5/2*x**2. What is the remainder when 79 is divided by w(-8)?
25
Let n(f) = -f**3 + 17*f**2 + 40*f + 116. Calculate the remainder when n(19) is divided by 147.
7
What is the remainder when 427 is divided by (363/165)/((-3)/(-30)*2)?
9
Suppose 33*m = 31*m + 280. Calculate the remainder when m is divided by 13.
10
Let d(p) = 8*p - 24 - 2*p - 12*p + 2*p. What is the remainder when 33 is divided by d(-9)?
9
Let w = -376 - -409. What is the remainder when w is divided by 2?
1
Let g(q) = -20*q**2 + 4*q - 4. Let h be g(4). Let y be h/(-20) + 2/(-5). Suppose y = 5*v - 0*v. Calculate the remainder when 6 is divided by v.
0
Suppose -2*u = 0, u = 2*m - 65 - 127. Let v = m - 77. Calculate the remainder when 113 is divided by v.
18
Let v(o) = -7*o + 1. Let d be (-2)/(-1 - (-1 - 4/(-6))). Suppose 5*w + 8 = b, 14 = 4*b + d*w - 18. Calculate the remainder when v(-4) is divided by b.
5
Suppose -19*i = -903 + 48. What is the remainder when i is divided by 23?
22
Let c be 6/(-15) - (-12)/5. Suppose i - 15 = c. Let d(m) = 68*m + 440. Calculate the remainder when d(-6) is divided by i.
15
Let k(y) = -y**3 + 6*y**2 + 2*y + 8. Calculate the remainder when 49*(8/12 - 4/(-3)) is divided by k(6).
18
Let g(k) = k**3 - 6*k**2 + 2*k - 5. What is the remainder when g(7) is divided by 22?
14
Let x = -905 + 952. What is the remainder when 138 is divided by x?
44
Let f be (-39 + 34)*1/(1/1). What is the remainder when 19 is divided by (-48)/f + 36/90?
9
Let t be ((-11)/33)/(1/(-87)). Let m = t + 0. Calculate the remainder when 112 is divided by m.
25
Suppose -3*a = -63 - 270. Calculate the remainder when a is divided by 23.
19
Let a(b) = b**2 + 3*b - 2. Calculate the remainder when a(4) is divided by (11/2)/((-3)/(-6)).
4
Let j = 251 - 226. Calculate the remainder when 112 is divided by j.
12
Let y = -8 - -22. Calculate the remainder when y is divided by (13 + -9)*(-1)/4 - -11.
4
Let q(o) = o**3 - 15*o**2 + o - 18. Let w be q(15). What is the remainder when (w/6)/((-13)/1274) is divided by 25?
24
Suppose 2*s = 2*l + 1286, -7*s - 647 = -8*s - l. Calculate the remainder when s is divided by 59.
55
Let x = -245 - -265. What is the remainder when x is divided by 30/12 - -5 - 6/(-4)?
2
Let o = 178 - 71. Suppose -o = 7*l + 103. What is the remainder when (-238)/(-12) - 5/l is divided by 11?
9
Let g = -19 + 20. Calculate the remainder when g/(-4)*(-13 + -175) is divided by 25.
22
Let d(n) = -n**3 - 25*n**2 - 94*n - 14. What is the remainder when d(-21) is divided by 18?
16
Suppose 1113 = -2*b + 9*b. Calculate the remainder when b is divided by 9.
6
Suppose -3*f + 0*x + 18 = 4*x, 6 = f - 4*x. What is the remainder when 140 is divided by 2317/49 - f/21?
46
Suppose 0 = -2*i - 3*j + 8, -i = -4*i + 3*j + 12. Calculate the remainder when 64 is divided by (-398)/(-12) + i/(-24).
31
Let c(s) = s**3 + 5*s**2 - 13*s + 11. Let p(u) = -u**2 - 2*u + 17. Let i be p(-6). Calculate the remainder when 11 is divided by c(i).
3
Let p(i) = 5*i + 19. Let b(o) = o. Let z(t) = -3*b(t) - p(t). Let g = -22 + 40. Calculate the remainder when z(-11) is divided by g.
15
Let j = -421 + 483. Calculate the remainder when 187 is divided by j.
1
Let j(s) = s**3 + 2*s**2 - 7*s + 9. Calculate the remainder when 1077 is divided by j(4).
76
Let j(z) = -z**3 + 53*z**2 + 54*z + 61. Calculate the remainder when j(54) is divided by (-10)/45 + (-562)/(-18).
30
Let r(s) = -12*s + 9. Let x be r(5). Let t = 217 + x. What is the remainder when t is divided by 24?
22
Let m = -11 + 19. Suppose -3*f + 77 = 2*o, -3*f = -5*f + 3*o + 60. What is the remainder when f is divided by (1 + (-12)/m)*-14?
6
Let u be 4/18 - (-4)/(-18). Suppose -6*g + 4*g + 22 = u. Suppose -n + g - 5 = 0. Calculate the remainder when 17 is divided by n.
5
Let u = -399 - -458. What is the remainder when 214 is divided by u?
37
Let d(i) = 4*i - 43. Let j be d(15). Suppose 0 = 4*u - z - j, 2*z + 2 = -0. What is the remainder when 27 is divided by u?
3
Suppose 0 = 31*x - 36*x + 15. What is the remainder when (-50)/(-2)*(x - 1) is divided by 18?
14
Let h(j) = j**3 - 7*j**2 - 8*j - 3. Let c be h(8). Let b be 1 + (3 - 5 - c). Suppose b*l - 15 = l. What is the remainder when 29 is divided by l?
14
Let p(l) = 7*l**2 + 4*l - 3. Let i be p(2). Calculate the remainder when 59 is divided by i/3 - 12/(-3).
14
Let g(j) = -j**2 + 16*j - 16. Suppose 0 = m + 5*c - 7, -2*m + c = -c - 38. What is the remainder when g(12) is divided by m?
15
Suppose 700 + 104 = 4*f. What is the remainder when f is divided by 53?
42
Let o = -10 + 5. Let w be 0/(-1) + (-10)/o. Suppose -24 = -2*f - w*f. Calculate the remainder when 16 is divided by f.
4
Suppose 0 = 4*f - k - 84, 51*f - 54*f = 5*k - 40. What is the remainder when 119 is divided by f?
19
Let u = 16 - 16. Suppose -2*m + 4*f + 88 = u, m - 3*f - 27 = 22. Suppose m + 5 = 3*t. Calculate the remainder when 51 is divided by t.
12
Let x = 44 - 38. Suppose -u + 198 = 4*f - x*u, 3*f + 3*u - 135 = 0. Let m = 27 + -2. Calculate the remainder when f is divided by m.
22
Let v(o) = 4*o - 4. Let k be v(-8). Let t = k + 50. Suppose 770*y - 769*y - 27 = 0. What is the remainder when y is divided by t?
13
Let p(q) = q**3 + q**2 - 7*q + 17. What is the remainder when p(4) is divided by 9?
6
Let g = -16 + 20. Suppose 2*f + s - 10 = 0, s + 1 = 3*f - 4. What is the remainder when g is divided by f?
1
Suppose -3*r + 49 = -f, -4*r + 33 = 4*f - 11. Suppose 3*i - 190 + 67 = 0. Calculate the remainder when i is divided by r.
11
Suppose 2*k = -3*n + 139, -k + 4*n = -0*k - 86. Let a = 63 + -70. Let g(w) = 4*w + 47. Calculate the remainder when k is divided by g(a).
17
Let n(d) = 2*d**2 - 5*d - 2. Let w(u) = -3*u**3 + 2*u**2 - 2*u. Let p be w(1). What is the remainder when 59 is divided by n(p)?
28
Suppose -r - 4*r + 130 = 0. Suppose l - 46 = -4*u, 3*l + u - 145 + 40 = 0. Calculate the remainder when l is divided by (3/(-6))/((-1)/r).
8
Let s(l) = 2*l + 163. Let a(p) = -2*p**3 - 3*p**2 + 3*p - 7. Calculate the remainder when a(-5) is divided by s(-62).
36
Let g(r) = -r**2 + 12*r + 1. Suppose -p - 4*p + 40 = 0. What is the remainder when 64 is divided by g(p)?
31
Suppose 64*i = -2491 + 7227. What is the remainder when 143 is divided by i?
69
Suppose -38 = -12*n + 106. What is the remainder when 83 is divided by n?
11
Suppose -325 = -5*s + 115. What is the remainder when 282 is divided by s?
18
Suppose -3*d + 3*m - 42 = 174, -d + 2*m - 75 = 0. Let c = -24 - d. Calculate the remainder when c is divided by 14.
3
Let k be 2 + 65 + (2 - 5). Let j = k + -91. Let n = 58 + j. Calculate the remainder when n is divided by 17.
14
Suppose 10 + 11 = 3*r. Calculate the remainder when 55 is divided by r.
6
Let s(l) be the second derivative of -l**3/6 + 2*l**2 - l. Let o(c) = -2*c**3 + 16*c**2 + 2*c - 8. What is the remainder when o(8) is divided by s(2)?
0
What is the remainder when (-9)/(135/(-4130)) + 6/9 is divided by 97?
82
Suppose -3*i + 5*i